ose 5 - 1 = -s. Let g = 5 - s. Suppose g*o = 4*o + 95. List the prime factors of o.
19
Suppose 2*a = z + 2, 2*z + 8 = -a - 11. What are the prime factors of 2/(-10)*-493 - z/20?
3, 11
Let t(u) = -5*u - 62. Let v be t(-14). Suppose v*m = -3*m + 473. What are the prime factors of m?
43
Let l be 4/16 - 644/16. Let c be l/140 - (-4)/14. Suppose s - 3*s - r + 77 = c, -192 = -5*s - 3*r. What are the prime factors of s?
3, 13
Let u(r) = -3*r**3 - r**2 + r + 2. Let s(m) = -m**2 - 3*m + 6. Let o be s(-6). Let l = 10 + o. List the prime factors of u(l).
2, 5
List the prime factors of ((-21)/(-2))/((-9)/(-630)).
3, 5, 7
Suppose 4*n + 2 = 6, 2*p + 5 = 5*n. Suppose 3*m + 5*o = 30 + 116, 20 = 5*o. Let i = m + p. What are the prime factors of i?
2, 3, 7
Suppose -4*z - 4*c + 56 = 0, -3*z + 2*c + 57 = -0*z. Let v = 73 - z. What are the prime factors of v?
2, 7
Suppose 0 = -10*t + 6742 - 152. List the prime factors of t.
659
Let q(c) = -175*c - 152. What are the prime factors of q(-8)?
2, 3, 13
List the prime factors of -2 + 2 - (-2361)/6*2.
787
List the prime factors of (-9)/(-6)*(876/9 - -6).
5, 31
Let n be 4 - (-410)/5 - -1. Suppose a - 5*i = 87, 4*i - n = -0*a - a. What are the prime factors of a?
3, 29
Suppose 5*a = a - 2*w + 12, -a = 5*w - 3. List the prime factors of (-1)/((-1144)/(-382) - a).
191
Suppose q - 228 = -2*q. Suppose 10*y - 9*y - q = 0. List the prime factors of y.
2, 19
Let n = -92 + 96. Suppose -n*v - 9 = -3*w + 268, -3*v - 447 = -5*w. What are the prime factors of w?
3, 29
Let w(s) = 1 - 15*s**3 + 2*s + 31*s**2 + 0*s**3 - 94*s**2 + 35*s**2 + 30*s**2. Let y be (2/4)/((-1)/2). List the prime factors of w(y).
2
Suppose 30 = -4*r + 2*t, -r + 6*r + 5*t + 45 = 0. Let o = r + 14. What are the prime factors of (1 + (-28)/o)*-3?
11
Suppose -3*i + 3*g - 5 = -i, -3*g - 3 = 0. List the prime factors of i/20 - (-232)/10.
23
Let i(a) = -9*a**2 + 34*a + 45. Let m(k) = -4*k**2 + 17*k + 22. Let z(t) = -3*i(t) + 7*m(t). List the prime factors of z(17).
19
Suppose 0 = -5*n + 20, -3*n = -5*b - 0*n + 668. What are the prime factors of b?
2, 17
Suppose -14*p = -15*p. Let b = p - -9. What are the prime factors of b?
3
Suppose 1 = -5*v - 4*x, 9 = 5*v + x - 2. Suppose -2*p - 2*d = p - 18, 0 = v*d - 9. Suppose -75 = -p*l + 149. What are the prime factors of l?
2, 7
Let a(w) = -w + 1. Let u be a(-1). Suppose 0 = u*c - 5*c + 189. List the prime factors of c.
3, 7
List the prime factors of 6/(-4)*19/(285/(-3580)).
2, 179
Let m(s) = 237*s - 279. What are the prime factors of m(6)?
3, 127
Let q(f) = -f**3 + 3*f**2 + 3. Let y(u) = 3*u**3 - 8*u**2 - 10. Let j(o) = -7*q(o) - 2*y(o). List the prime factors of j(6).
5, 7
Suppose -5*u + 590 = -3*x, u + 211 - 342 = -2*x. What are the prime factors of u?
11
Suppose -5*g + 0*g + 432 = 2*o, g + 682 = 3*o. List the prime factors of o.
2, 113
Let q = -26 - -29. Suppose v + q*m = 24, 3*m + 102 = 5*v - 36. List the prime factors of v.
3
Let q(k) be the third derivative of -k**4/24 + 14*k**3/3 - 7*k**2. Let s be q(9). Let f = 27 - s. List the prime factors of f.
2
Suppose -2*v + x = 86 - 244, 174 = 2*v + 3*x. Let a = v - 39. List the prime factors of a.
2, 3, 7
Let x(c) be the third derivative of c**5/20 - c**4/24 - c**3/3 + c**2. Let b be (-4)/((0 - (0 - 4)) + -2). List the prime factors of x(b).
2, 3
Let u(s) = -4 - 8 - 6*s + 34. List the prime factors of u(-14).
2, 53
Let f(c) = 65*c + 4. What are the prime factors of f(8)?
2, 131
Let y(b) = 775*b**2 + 3*b + 3. What are the prime factors of y(-1)?
5, 31
Suppose 0 = -g + 2*g - 6. Let p be 124/3*g/4. Suppose -5*s + p + 38 = 0. What are the prime factors of s?
2, 5
Suppose 696 = 7*k - 3*k. Suppose -u = -4*u + k. List the prime factors of u.
2, 29
Let y(i) = i**3 - 2*i**2 - 3*i + 3. Let b be y(3). Let o = 7 - b. List the prime factors of -2 + (o - 2) + 4.
2
Let h(j) = -j**3 - 11*j**2 - 5*j + 10. Let m be h(-10). Let l = 145 + m. What are the prime factors of l?
3, 5, 7
Suppose 0 = 2*z + 10*n - 14*n - 3888, 0 = 3*z + n - 5804. What are the prime factors of z?
2, 11
Suppose -5*h + 18*h - 1066 = 0. Suppose -2*o = -120 - h. List the prime factors of o.
101
Let d = 418 - -11. What are the prime factors of d?
3, 11, 13
Suppose -8*v = 10600 - 47056. What are the prime factors of v?
3, 7, 31
Suppose -7*h + 19 = -23. Suppose -r + 10 = 2*z, h*r = 3*r + 5*z - 3. Suppose -4*a + 86 = 3*k - 47, -2*k = -r*a - 62. List the prime factors of k.
3, 13
Suppose -4*x = -2*b - 8, -2*x + 7*x - 16 = b. Let d(i) be the first derivative of i**3/3 + 3*i**2/2 + 6*i - 6. List the prime factors of d(b).
2, 17
Let q be 2 - (6/(-5))/(2/230). Let k = 187 - q. What are the prime factors of k?
47
List the prime factors of 0 + (-15799)/(-4) + 4/16.
2, 5, 79
Let l(c) = -c**3 + 16*c**2 + 23*c - 18. Let p(q) = 2*q**3 - 3*q**2 - 2*q - 4. Let y be p(3). What are the prime factors of l(y)?
2, 3, 7
List the prime factors of (-2)/4 + 10 + 2235/6.
2, 191
List the prime factors of 2/(8/2114)*2.
7, 151
Suppose 3*b - 6*b = -66. Suppose 17*i + 45 - 266 = 0. Let s = b - i. List the prime factors of s.
3
Suppose 21 = 3*x - 441. What are the prime factors of x?
2, 7, 11
What are the prime factors of (-5 - 25)/((-16)/56)?
3, 5, 7
Let v(h) = 144*h**2 + 59*h - 8. List the prime factors of v(-4).
2, 5, 103
What are the prime factors of 8/(52/39 + 218/(-168))?
2, 7
Let f = -5 - 0. Let u be (7 + -46)*f/3. Suppose 0 = -2*w - 3*w + u. What are the prime factors of w?
13
Suppose -3*x - x = -84. Suppose 0 = -3*j + 2*o + 8, 5*j - x = 3*o - 7. Let q(z) = z - 1. What are the prime factors of q(j)?
3
Suppose 3*j - 30 = -3. Suppose p - j + 4 = -b, 0 = -2*p - 3*b + 12. Suppose -3*n + 2*n + 68 = 3*y, 0 = -3*n + p*y + 240. List the prime factors of n.
7, 11
Let w(m) = -5*m**3 + 2*m + 3*m**3 + 4*m - 9 + 3*m**3 - 2*m**2. List the prime factors of w(4).
47
Let m be -4 + 4 + 1 + 9. List the prime factors of 5/(m/(-154))*-1.
7, 11
Let b(r) = r**3 + 7*r**2 + 10*r + 2. Let c be b(-5). Suppose -5*h - 150 = -c*u, 2*h = -2*u - 24 - 50. Let l = h - -79. What are the prime factors of l?
47
Suppose 0 = 6*t - 213 - 417. What are the prime factors of t?
3, 5, 7
Let q be 0/(-1 + (0 - -2)). Suppose 2*y + 11 = -3*t, t - 4*t - 9 = 3*y. Suppose q = -y*g + 47 - 5. List the prime factors of g.
3, 7
Let p(l) = 10*l. Let f = 0 + 3. Suppose 5*j + 4*h + 16 = 9*j, -2*j + f*h + 9 = 0. List the prime factors of p(j).
2, 3, 5
Suppose -5*w - 18*w + 21712 = 0. List the prime factors of w.
2, 59
Suppose -16*c + 11030 = -6*c. List the prime factors of c.
1103
Let w(b) = -33*b + 3. Let a be w(-2). Suppose m - 4*t = -2*t + a, 4*m = -t + 285. What are the prime factors of m?
71
Let g(u) be the second derivative of u**3/6 + 17*u**2/2 + 2*u. Suppose 0 = -9*r + 4*r. List the prime factors of g(r).
17
Let y(b) = -5*b + 5. List the prime factors of y(-42).
5, 43
Let r be (1 - 8)/((-7)/14*-2). Let t = 25 - r. What are the prime factors of t?
2
Let p(y) = y + 5*y**2 - 5*y + 3 - 4*y**2 + 1. Let b be p(9). Suppose -b = -4*m + 55. What are the prime factors of m?
2, 13
Let x = -6145 + 11019. What are the prime factors of x?
2, 2437
Let z(t) = -109*t - 95. List the prime factors of z(-5).
2, 3, 5
Suppose 4*w + 358 = 2*q, 2*q + 2*w = -w + 323. List the prime factors of q.
13
Let u(t) = 7*t - 1. Let c be u(1). Suppose -j = j - c. List the prime factors of 0 - j - (-13 - 4).
2, 7
Let g be 11/88 + (-78)/(-16). Let u be g/(-3)*(-33)/11. Suppose 2*b - u*b = -87. List the prime factors of b.
29
Let i(g) = -g**3 + g**2 + 3*g - 3. Let q be i(2). Let a be 45 - q - (5 + -4). Let x = a + -22. What are the prime factors of x?
23
Let q(i) = 247*i**2 + 15*i - 35. What are the prime factors of q(2)?
983
Let f(c) = c**3 - 18*c**2 + 15*c + 5. Let j be f(17). Let q = j + 60. What are the prime factors of q?
31
Let y = 44 - 31. Suppose -12*x + 1 = -y*x. What are the prime factors of 217/28 - x/4?
2
Let r = 37 + -34. Suppose -r*h = -125 - 76. What are the prime factors of h?
67
Let t = 3191 - 795. What are the prime factors of t?
2, 599
Suppose 5*k + 21 = 106. Suppose 3*v = 3*x + 66, 3*x + k + 27 = 2*v. Suppose 16*c = 17*c - v. List the prime factors of c.
2, 11
Let d = 75 - 69. Suppose -d*z + 858 = 7*z. What are the prime factors of z?
2, 3, 11
Let l(f) = 142*f - 2. Let u(m) = m - 1. Let d be u(2). List the prime fac